{"id":3512,"date":"2024-08-08T11:34:47","date_gmt":"2024-08-08T11:34:47","guid":{"rendered":"https:\/\/coletivoamarelo.com\/?post_type=product&#038;p=3512"},"modified":"2024-09-19T14:11:29","modified_gmt":"2024-09-19T14:11:29","slug":"olhos-na-escuridao-2023-2024","status":"publish","type":"product","link":"https:\/\/coletivoamarelo.com\/fr\/produit\/olhos-na-escuridao-2023-2024\/","title":{"rendered":"Les yeux dans le noir, 2023-2024"},"content":{"rendered":"<p>Eduarda Rosa, artiste portugaise, principalement form\u00e9e en sciences pharmaceutiques et en chimie organique, produit des \u0153uvres bas\u00e9es sur une po\u00e9tique visuelle li\u00e9e \u00e0 la d\u00e9construction des m\u00e9thodes scientifiques. Tel un reliquaire, les \u0153uvres offrent des \u0153uvres minutieuses mais sensibles et des cat\u00e9gories d&#039;images volumineuses, o\u00f9 tout est hautement illustratif de la mani\u00e8re dont fonctionne l&#039;esprit de l&#039;artiste.<\/p>","protected":false},"excerpt":{"rendered":"<p>Collage sur papier pastel sec 360g, 30 x 40 cm.<\/p>","protected":false},"featured_media":3513,"template":"","meta":{"_et_pb_use_builder":"","_et_pb_old_content":"","_et_gb_content_width":""},"product_brand":[],"product_cat":[122],"product_tag":[],"class_list":{"0":"post-3512","1":"product","2":"type-product","3":"status-publish","4":"has-post-thumbnail","6":"product_cat-colagem","7":"cla-autores-eduarda-rosa","9":"first","10":"instock","11":"shipping-taxable","12":"product-type-simple"},"acf":[],"yoast_head":"<!-- This site is optimized with the Yoast SEO Premium plugin v15.3 - https:\/\/yoast.com\/wordpress\/plugins\/seo\/ -->\n<title>Olhos na escurid\u00e3o, 2023-2024 &mdash; Coletivo Amarelo<\/title>\n<meta name=\"robots\" content=\"index, follow, max-snippet:-1, max-image-preview:large, max-video-preview:-1\" \/>\n<link rel=\"canonical\" href=\"https:\/\/coletivoamarelo.com\/fr\/produit\/olhos-na-escuridao-2023-2024\/\" \/>\n<meta property=\"og:locale\" content=\"fr_FR\" \/>\n<meta property=\"og:type\" content=\"article\" \/>\n<meta property=\"og:title\" content=\"Olhos na escurid\u00e3o, 2023-2024 &mdash; Coletivo Amarelo\" \/>\n<meta property=\"og:description\" content=\"Colagem sobre papel para pastel seco 360g, com 30 x 40 cm.\" \/>\n<meta property=\"og:url\" content=\"https:\/\/coletivoamarelo.com\/fr\/produit\/olhos-na-escuridao-2023-2024\/\" \/>\n<meta property=\"og:site_name\" content=\"Coletivo Amarelo\" \/>\n<meta property=\"article:modified_time\" content=\"2024-09-19T14:11:29+00:00\" \/>\n<meta property=\"og:image\" content=\"https:\/\/coletivoamarelo.com\/wp-content\/uploads\/2024\/08\/Olhos-na-Escuridao.jpg\" \/>\n\t<meta property=\"og:image:width\" content=\"512\" \/>\n\t<meta property=\"og:image:height\" content=\"682\" \/>\n<meta name=\"twitter:card\" content=\"summary_large_image\" \/>\n<meta name=\"twitter:label1\" content=\"\u00c9crit par\">\n\t<meta name=\"twitter:data1\" content=\"Alexandre Cagnoni\">\n\t<meta name=\"twitter:label2\" content=\"Dur\u00e9e de lecture estim\u00e9e\">\n\t<meta name=\"twitter:data2\" content=\"0 minute\">\n<script type=\"application\/ld+json\" class=\"yoast-schema-graph\">{\"@context\":\"https:\/\/schema.org\",\"@graph\":[{\"@type\":\"Organization\",\"@id\":\"https:\/\/coletivoamarelo.com\/#organization\",\"name\":\"Coletivo Amarelo\",\"url\":\"https:\/\/coletivoamarelo.com\/\",\"sameAs\":[],\"logo\":{\"@type\":\"ImageObject\",\"@id\":\"https:\/\/coletivoamarelo.com\/#logo\",\"inLanguage\":\"fr-FR\",\"url\":\"https:\/\/coletivoamarelo.com\/wp-content\/uploads\/2023\/01\/coletivo-amarelo-logo-04.svg\",\"caption\":\"Coletivo Amarelo\"},\"image\":{\"@id\":\"https:\/\/coletivoamarelo.com\/#logo\"}},{\"@type\":\"WebSite\",\"@id\":\"https:\/\/coletivoamarelo.com\/#website\",\"url\":\"https:\/\/coletivoamarelo.com\/\",\"name\":\"Coletivo Amarelo\",\"description\":\"\",\"publisher\":{\"@id\":\"https:\/\/coletivoamarelo.com\/#organization\"},\"potentialAction\":[{\"@type\":\"SearchAction\",\"target\":\"https:\/\/coletivoamarelo.com\/?s={search_term_string}\",\"query-input\":\"required name=search_term_string\"}],\"inLanguage\":\"fr-FR\"},{\"@type\":\"ImageObject\",\"@id\":\"https:\/\/coletivoamarelo.com\/produto\/olhos-na-escuridao-2023-2024\/#primaryimage\",\"inLanguage\":\"fr-FR\",\"url\":\"https:\/\/coletivoamarelo.com\/wp-content\/uploads\/2024\/08\/Olhos-na-Escuridao.jpg\",\"width\":512,\"height\":682},{\"@type\":\"WebPage\",\"@id\":\"https:\/\/coletivoamarelo.com\/produto\/olhos-na-escuridao-2023-2024\/#webpage\",\"url\":\"https:\/\/coletivoamarelo.com\/produto\/olhos-na-escuridao-2023-2024\/\",\"name\":\"Olhos na escurid\\u00e3o, 2023-2024 &mdash; Coletivo Amarelo\",\"isPartOf\":{\"@id\":\"https:\/\/coletivoamarelo.com\/#website\"},\"primaryImageOfPage\":{\"@id\":\"https:\/\/coletivoamarelo.com\/produto\/olhos-na-escuridao-2023-2024\/#primaryimage\"},\"datePublished\":\"2024-08-08T11:34:47+00:00\",\"dateModified\":\"2024-09-19T14:11:29+00:00\",\"breadcrumb\":{\"@id\":\"https:\/\/coletivoamarelo.com\/produto\/olhos-na-escuridao-2023-2024\/#breadcrumb\"},\"inLanguage\":\"fr-FR\",\"potentialAction\":[{\"@type\":\"ReadAction\",\"target\":[\"https:\/\/coletivoamarelo.com\/produto\/olhos-na-escuridao-2023-2024\/\"]}]},{\"@type\":\"BreadcrumbList\",\"@id\":\"https:\/\/coletivoamarelo.com\/produto\/olhos-na-escuridao-2023-2024\/#breadcrumb\",\"itemListElement\":[{\"@type\":\"ListItem\",\"position\":1,\"item\":{\"@type\":\"WebPage\",\"@id\":\"https:\/\/coletivoamarelo.com\/\",\"url\":\"https:\/\/coletivoamarelo.com\/\",\"name\":\"Home\"}},{\"@type\":\"ListItem\",\"position\":2,\"item\":{\"@type\":\"WebPage\",\"@id\":\"https:\/\/coletivoamarelo.com\/colecao\/\",\"url\":\"https:\/\/coletivoamarelo.com\/colecao\/\",\"name\":\"Cole\\u00e7\\u00e3o\"}},{\"@type\":\"ListItem\",\"position\":3,\"item\":{\"@type\":\"WebPage\",\"@id\":\"https:\/\/coletivoamarelo.com\/produto\/olhos-na-escuridao-2023-2024\/\",\"url\":\"https:\/\/coletivoamarelo.com\/produto\/olhos-na-escuridao-2023-2024\/\",\"name\":\"Olhos na escurid\\u00e3o, 2023-2024\"}}]}]}<\/script>\n<!-- \/ Yoast SEO Premium plugin. -->","jetpack_sharing_enabled":true,"_links":{"self":[{"href":"https:\/\/coletivoamarelo.com\/fr\/wp-json\/wp\/v2\/product\/3512","targetHints":{"allow":["GET"]}}],"collection":[{"href":"https:\/\/coletivoamarelo.com\/fr\/wp-json\/wp\/v2\/product"}],"about":[{"href":"https:\/\/coletivoamarelo.com\/fr\/wp-json\/wp\/v2\/types\/product"}],"wp:featuredmedia":[{"embeddable":true,"href":"https:\/\/coletivoamarelo.com\/fr\/wp-json\/wp\/v2\/media\/3513"}],"wp:attachment":[{"href":"https:\/\/coletivoamarelo.com\/fr\/wp-json\/wp\/v2\/media?parent=3512"}],"wp:term":[{"taxonomy":"product_brand","embeddable":true,"href":"https:\/\/coletivoamarelo.com\/fr\/wp-json\/wp\/v2\/product_brand?post=3512"},{"taxonomy":"product_cat","embeddable":true,"href":"https:\/\/coletivoamarelo.com\/fr\/wp-json\/wp\/v2\/product_cat?post=3512"},{"taxonomy":"product_tag","embeddable":true,"href":"https:\/\/coletivoamarelo.com\/fr\/wp-json\/wp\/v2\/product_tag?post=3512"}],"curies":[{"name":"wp","href":"https:\/\/api.w.org\/{rel}","templated":true}]}}

<p>Eduarda Rosa, artiste portugaise, principalement formée en sciences pharmaceutiques et en chimie organique, produit des œuvres basées sur une poétique visuelle liée à la déconstruction des méthodes scientifiques. Tel un reliquaire, les œuvres offrent des œuvres minutieuses mais sensibles et des catégories d&#039;images volumineuses, où tout est hautement illustratif de la manière dont fonctionne l&#039;esprit de l&#039;artiste.</p>

<!-- This site is optimized with the Yoast SEO Premium plugin v15.3 - https://yoast.com/wordpress/plugins/seo/ -->
<title>Olhos na escuridão, 2023-2024 &mdash; Coletivo Amarelo</title>
<meta name="robots" content="index, follow, max-snippet:-1, max-image-preview:large, max-video-preview:-1" />
<link rel="canonical" href="https://coletivoamarelo.com/fr/produit/olhos-na-escuridao-2023-2024/" />
<meta property="og:locale" content="fr_FR" />
<meta property="og:type" content="article" />
<meta property="og:title" content="Olhos na escuridão, 2023-2024 &mdash; Coletivo Amarelo" />
<meta property="og:description" content="Colagem sobre papel para pastel seco 360g, com 30 x 40 cm." />
<meta property="og:url" content="https://coletivoamarelo.com/fr/produit/olhos-na-escuridao-2023-2024/" />
<meta property="og:site_name" content="Coletivo Amarelo" />
<meta property="article:modified_time" content="2024-09-19T14:11:29+00:00" />
<meta property="og:image" content="https://coletivoamarelo.com/wp-content/uploads/2024/08/Olhos-na-Escuridao.jpg" />
	<meta property="og:image:width" content="512" />
	<meta property="og:image:height" content="682" />
<meta name="twitter:card" content="summary_large_image" />
<meta name="twitter:label1" content="Écrit par">
	<meta name="twitter:data1" content="Alexandre Cagnoni">
	<meta name="twitter:label2" content="Durée de lecture estimée">
	<meta name="twitter:data2" content="0 minute">
<script type="application/ld+json" class="yoast-schema-graph">{"@context":"https://schema.org","@graph":[{"@type":"Organization","@id":"https://coletivoamarelo.com/#organization","name":"Coletivo Amarelo","url":"https://coletivoamarelo.com/","sameAs":[],"logo":{"@type":"ImageObject","@id":"https://coletivoamarelo.com/#logo","inLanguage":"fr-FR","url":"https://coletivoamarelo.com/wp-content/uploads/2023/01/coletivo-amarelo-logo-04.svg","caption":"Coletivo Amarelo"},"image":{"@id":"https://coletivoamarelo.com/#logo"}},{"@type":"WebSite","@id":"https://coletivoamarelo.com/#website","url":"https://coletivoamarelo.com/","name":"Coletivo Amarelo","description":"","publisher":{"@id":"https://coletivoamarelo.com/#organization"},"potentialAction":[{"@type":"SearchAction","target":"https://coletivoamarelo.com/?s={search_term_string}","query-input":"required name=search_term_string"}],"inLanguage":"fr-FR"},{"@type":"ImageObject","@id":"https://coletivoamarelo.com/produto/olhos-na-escuridao-2023-2024/#primaryimage","inLanguage":"fr-FR","url":"https://coletivoamarelo.com/wp-content/uploads/2024/08/Olhos-na-Escuridao.jpg","width":512,"height":682},{"@type":"WebPage","@id":"https://coletivoamarelo.com/produto/olhos-na-escuridao-2023-2024/#webpage","url":"https://coletivoamarelo.com/produto/olhos-na-escuridao-2023-2024/","name":"Olhos na escurid\u00e3o, 2023-2024 &mdash; Coletivo Amarelo","isPartOf":{"@id":"https://coletivoamarelo.com/#website"},"primaryImageOfPage":{"@id":"https://coletivoamarelo.com/produto/olhos-na-escuridao-2023-2024/#primaryimage"},"datePublished":"2024-08-08T11:34:47+00:00","dateModified":"2024-09-19T14:11:29+00:00","breadcrumb":{"@id":"https://coletivoamarelo.com/produto/olhos-na-escuridao-2023-2024/#breadcrumb"},"inLanguage":"fr-FR","potentialAction":[{"@type":"ReadAction","target":["https://coletivoamarelo.com/produto/olhos-na-escuridao-2023-2024/"]}]},{"@type":"BreadcrumbList","@id":"https://coletivoamarelo.com/produto/olhos-na-escuridao-2023-2024/#breadcrumb","itemListElement":[{"@type":"ListItem","position":1,"item":{"@type":"WebPage","@id":"https://coletivoamarelo.com/","url":"https://coletivoamarelo.com/","name":"Home"}},{"@type":"ListItem","position":2,"item":{"@type":"WebPage","@id":"https://coletivoamarelo.com/colecao/","url":"https://coletivoamarelo.com/colecao/","name":"Cole\u00e7\u00e3o"}},{"@type":"ListItem","position":3,"item":{"@type":"WebPage","@id":"https://coletivoamarelo.com/produto/olhos-na-escuridao-2023-2024/","url":"https://coletivoamarelo.com/produto/olhos-na-escuridao-2023-2024/","name":"Olhos na escurid\u00e3o, 2023-2024"}}]}]}</script>
<!-- / Yoast SEO Premium plugin. -->
